{"id":9,"date":"2019-07-08T00:18:11","date_gmt":"2019-07-07T22:18:11","guid":{"rendered":"http:\/\/stage-luthier-vendee.fr\/?page_id=9"},"modified":"2025-09-04T10:48:01","modified_gmt":"2025-09-04T08:48:01","slug":"a-propos-de","status":"publish","type":"page","link":"https:\/\/stage-luthier-vendee.fr\/?page_id=9","title":{"rendered":"\u00c0 propos"},"content":{"rendered":"<div class=\"wp-block-image\">\n<figure class=\"aligncenter\"><img loading=\"lazy\" decoding=\"async\" width=\"1024\" height=\"614\" src=\"https:\/\/stage-luthier-vendee.fr\/wp-content\/uploads\/2019\/07\/Reportage-Lutherie-131-1024x614.jpg\" alt=\"rabotage \u00e0 l\u2019\u00e9tabli d\u2019une pi\u00e8ce d\u2019\u00e9rable\" class=\"wp-image-83\"\/><\/figure><\/div>\n\n\n<p>Luthi\u00e8re, <a href=\"http:\/\/lapocheaviolons.fr\/\">install\u00e9e<\/a> \u00e0 mon compte depuis 15 ans \u00e0 La Roche sur Yon &#8211; Vend\u00e9e &#8211; je souhaite aujourd&rsquo;hui <strong>transmettre le plaisir<\/strong> du travail du bois \u00e0 toutes celles et ceux qui ont envie d&rsquo;apprendre \u00e0 <strong>travailler avec la mati\u00e8re<\/strong>. <\/p>\n\n\n\n<p>Transmission des <strong>gestes<\/strong>, des \u00ab\u00a0astuces\u00a0\u00bb du <strong>m\u00e9tier<\/strong>, consignes de <strong>s\u00e9curit\u00e9<\/strong> et postures. Tout cela saupoudr\u00e9 de donn\u00e9es <strong>techniques<\/strong> pr\u00e9cises et d&rsquo;anecdotes <strong>historiques<\/strong> \u00e9clairantes : voil\u00e0 le programme des <strong>stages<\/strong> propos\u00e9s \u00e0 l&rsquo;atelier.<\/p>\n\n\n<div class=\"wp-block-image\">\n<figure class=\"aligncenter size-medium\"><img loading=\"lazy\" decoding=\"async\" width=\"200\" height=\"300\" src=\"https:\/\/stage-luthier-vendee.fr\/wp-content\/uploads\/2025\/09\/Stagiaire-2020-2-edited-200x300.jpg\" alt=\"\" class=\"wp-image-541\" srcset=\"https:\/\/stage-luthier-vendee.fr\/wp-content\/uploads\/2025\/09\/Stagiaire-2020-2-edited-200x300.jpg 200w, https:\/\/stage-luthier-vendee.fr\/wp-content\/uploads\/2025\/09\/Stagiaire-2020-2-edited.jpg 432w\" sizes=\"(max-width: 200px) 100vw, 200px\" \/><figcaption class=\"wp-element-caption\">Fabrication d&rsquo;un manche de canif<\/figcaption><\/figure><\/div>\n\n\n<p>Chaque stagiaire arrive avec son (petit ou gros) bagage technique, c&rsquo;est pour cela que les stages sont toujours <strong>\u00ab\u00a0sur-mesure\u00a0\u00bb<\/strong>. Je conseille et j&rsquo;<strong>adapte<\/strong> le contenu pour que chaque <strong>stagiaire<\/strong> se sente \u00e0 l&rsquo;aise et progresse !<\/p>\n\n\n\n<h2 class=\"wp-block-heading\">Projets 2024 &#8211; 2027<\/h2>\n\n\n\n<p>Des <strong>travaux \u00e0 l&rsquo;atelier<\/strong> pour am\u00e9liorer l&rsquo;<strong>efficacit\u00e9 thermique<\/strong> du local &#8211; toujours \u00e0 la m\u00eame adresse. <\/p>\n\n\n\n<p>Et en m\u00eame temps, je concocte de <strong>nouveaux stages<\/strong> pour permettre aux d\u00e9butants de s&rsquo;initier au plaisir du <strong>travail du bois<\/strong> : fabrication d&rsquo;un <strong>cale-pique<\/strong> de violoncelle, chantournage d&rsquo;une <strong>\u00ab\u00a0feuille d&rsquo;arbre\u00a0\u00bb<\/strong> et fabrication de son support \u00e0 suspendre,&#8230; Toujours enti\u00e8rement \u00e0 la main avec les outils traditionnels de la luthi\u00e8re.<\/p>\n\n\n\n<p><\/p>\n","protected":false},"excerpt":{"rendered":"<p>Luthi\u00e8re, install\u00e9e \u00e0 mon compte depuis 15 ans \u00e0 La Roche sur Yon &#8211; Vend\u00e9e &#8211; je souhaite aujourd&rsquo;hui transmettre le plaisir du travail du bois \u00e0 toutes celles et ceux qui ont envie d&rsquo;apprendre \u00e0 travailler avec la mati\u00e8re. Transmission des gestes, des \u00ab\u00a0astuces\u00a0\u00bb du m\u00e9tier, consignes de s\u00e9curit\u00e9 et postures. Tout cela saupoudr\u00e9 &hellip; <\/p>\n<p class=\"link-more\"><a href=\"https:\/\/stage-luthier-vendee.fr\/?page_id=9\" class=\"more-link\">Continuer la lecture<span class=\"screen-reader-text\"> de &laquo;&nbsp;\u00c0 propos&nbsp;&raquo;<\/span><\/a><\/p>\n","protected":false},"author":1,"featured_media":79,"parent":0,"menu_order":0,"comment_status":"closed","ping_status":"closed","template":"","meta":{"footnotes":""},"class_list":["post-9","page","type-page","status-publish","has-post-thumbnail","hentry"],"_links":{"self":[{"href":"https:\/\/stage-luthier-vendee.fr\/index.php?rest_route=\/wp\/v2\/pages\/9"}],"collection":[{"href":"https:\/\/stage-luthier-vendee.fr\/index.php?rest_route=\/wp\/v2\/pages"}],"about":[{"href":"https:\/\/stage-luthier-vendee.fr\/index.php?rest_route=\/wp\/v2\/types\/page"}],"author":[{"embeddable":true,"href":"https:\/\/stage-luthier-vendee.fr\/index.php?rest_route=\/wp\/v2\/users\/1"}],"replies":[{"embeddable":true,"href":"https:\/\/stage-luthier-vendee.fr\/index.php?rest_route=%2Fwp%2Fv2%2Fcomments&post=9"}],"version-history":[{"count":46,"href":"https:\/\/stage-luthier-vendee.fr\/index.php?rest_route=\/wp\/v2\/pages\/9\/revisions"}],"predecessor-version":[{"id":543,"href":"https:\/\/stage-luthier-vendee.fr\/index.php?rest_route=\/wp\/v2\/pages\/9\/revisions\/543"}],"wp:featuredmedia":[{"embeddable":true,"href":"https:\/\/stage-luthier-vendee.fr\/index.php?rest_route=\/wp\/v2\/media\/79"}],"wp:attachment":[{"href":"https:\/\/stage-luthier-vendee.fr\/index.php?rest_route=%2Fwp%2Fv2%2Fmedia&parent=9"}],"curies":[{"name":"wp","href":"https:\/\/api.w.org\/{rel}","templated":true}]}}

À propos

<div class="wp-block-image">
<figure class="aligncenter"><img loading="lazy" decoding="async" width="1024" height="614" src="https://stage-luthier-vendee.fr/wp-content/uploads/2019/07/Reportage-Lutherie-131-1024x614.jpg" alt="rabotage à l’établi d’une pièce d’érable" class="wp-image-83"/></figure></div>


<p>Luthière, <a href="http://lapocheaviolons.fr/">installée</a> à mon compte depuis 15 ans à La Roche sur Yon &#8211; Vendée &#8211; je souhaite aujourd&rsquo;hui <strong>transmettre le plaisir</strong> du travail du bois à toutes celles et ceux qui ont envie d&rsquo;apprendre à <strong>travailler avec la matière</strong>. </p>



<p>Transmission des <strong>gestes</strong>, des « astuces » du <strong>métier</strong>, consignes de <strong>sécurité</strong> et postures. Tout cela saupoudré de données <strong>techniques</strong> précises et d&rsquo;anecdotes <strong>historiques</strong> éclairantes : voilà le programme des <strong>stages</strong> proposés à l&rsquo;atelier.</p>


<div class="wp-block-image">
<figure class="aligncenter size-medium"><img loading="lazy" decoding="async" width="200" height="300" src="https://stage-luthier-vendee.fr/wp-content/uploads/2025/09/Stagiaire-2020-2-edited-200x300.jpg" alt="" class="wp-image-541" srcset="https://stage-luthier-vendee.fr/wp-content/uploads/2025/09/Stagiaire-2020-2-edited-200x300.jpg 200w, https://stage-luthier-vendee.fr/wp-content/uploads/2025/09/Stagiaire-2020-2-edited.jpg 432w" sizes="(max-width: 200px) 100vw, 200px" /><figcaption class="wp-element-caption">Fabrication d&rsquo;un manche de canif</figcaption></figure></div>


<p>Chaque stagiaire arrive avec son (petit ou gros) bagage technique, c&rsquo;est pour cela que les stages sont toujours <strong>« sur-mesure »</strong>. Je conseille et j&rsquo;<strong>adapte</strong> le contenu pour que chaque <strong>stagiaire</strong> se sente à l&rsquo;aise et progresse !</p>



<h2 class="wp-block-heading">Projets 2024 &#8211; 2027</h2>



<p>Des <strong>travaux à l&rsquo;atelier</strong> pour améliorer l&rsquo;<strong>efficacité thermique</strong> du local &#8211; toujours à la même adresse. </p>



<p>Et en même temps, je concocte de <strong>nouveaux stages</strong> pour permettre aux débutants de s&rsquo;initier au plaisir du <strong>travail du bois</strong> : fabrication d&rsquo;un <strong>cale-pique</strong> de violoncelle, chantournage d&rsquo;une <strong>« feuille d&rsquo;arbre »</strong> et fabrication de son support à suspendre,&#8230; Toujours entièrement à la main avec les outils traditionnels de la luthière.</p>



<p></p>

<p>Luthière, installée à mon compte depuis 15 ans à La Roche sur Yon &#8211; Vendée &#8211; je souhaite aujourd&rsquo;hui transmettre le plaisir du travail du bois à toutes celles et ceux qui ont envie d&rsquo;apprendre à travailler avec la matière. Transmission des gestes, des « astuces » du métier, consignes de sécurité et postures. Tout cela saupoudré &hellip; </p>
<p class="link-more"><a href="https://stage-luthier-vendee.fr/?page_id=9" class="more-link">Continuer la lecture<span class="screen-reader-text"> de &laquo;&nbsp;À propos&nbsp;&raquo;</span></a></p>
